32
What is the value of -4 - (28 + (-9 - -1 - (-6 + -4)))?
-34
Evaluate -5 + 15 - (75 - 29 - (9 - 7)).
-34
Evaluate 14 + (-1 - -41) + (-37 - -19).
36
Calculate -78 + 26 - (-2 - 1) - (44 + -61).
-32
Calculate 13 + (-36 - -4 - (-82 + 67)).
-4
Calculate 30 - 62 - (-4 - 13).
-15
Evaluate 86 + -105 + 5 - (-91 - 2 - 1).
80
Calculate 9 + -1 + (-2 - -10 - 14) - (-2 + 55).
-51
Calculate (-26 - -61) + -16 - -45.
64
What is (72 + -79 - (-60 + -2 + 4)) + -2?
49
-6 - 35 - (-11 + -10 + 10)
-30
Evaluate 70 + -45 + 53 + -71.
7
(-9 - (116 + -1 - (43 + (-5 - 27)))) + -13
-126
What is the value of 7 + (-6 - ((-1 + -9 - -1) + 3)) - 51?
-44
What is the value of -31 + 13 + -41 + 46?
-13
-72 - (-24 + (56 - 75))
-29
What is (4101 - 3947) + (0 - 76)?
78
-7 - -25 - (8 + 24)
-14
What is the value of 31 + (-77 + 112 - -2)?
68
Evaluate 26 + (-3 - (-7 + (14 - 8 - -8) + 0)).
16
45 - (29 + 21 + -19)
14
Calculate 65 - (21 - 1 - (922 - 903)).
64
(-2 - (22 + -33 + 7)) + (46 - -2)
50
Calculate -8 - (-13 + (20 - 0) + 24).
-39
-13 + (136 - 146) + 0 + -11
-34
What is the value of 3545 - 3523 - (-5 + -2)?
29
(-9 - -13 - (-23 + 3)) + 106 + -168
-38
Evaluate 0 + 3 + 71 + -24 + 46.
96
Evaluate 136 - 172 - (-1 + -62).
27
What is -9 - (27 - (30 + -32 + 86))?
48
27 + -38 + (-1 - -1) - (7 - (-4 + -13))
-35
Calculate -3 + (-7 - (-7 + 9)) - (60 + -3 + 19).
-88
(10 - (-7 - -42)) + 52 + 31
58
Evaluate -745 + 836 + (1 - 157).
-65
What is the value of (-1 - 16 - (-29 - -6)) + -13?
-7
Evaluate (-1848 - -1924) + (-2 - 31).
43
What is -42 + 30 + -53 + 46 - -125?
106
17 + 7 + -39 + 24 + 32
41
Evaluate -28 - (-5 + (60 + -49 - (2 + -4))).
-36
Evaluate -70 - (-13 - 1 - -9).
-65
Evaluate 80 + -109 + -123 + 101.
-51
Evaluate -4 - -4 - 3 - (-3 - (-2 - 5)) - -49.
42
29 - (115 + -67) - (-45 - 6)
32
What is the value of (1 - 1) + -58 + 125?
67
Evaluate 12 + (-14 - -7) + -1 + -43.
-39
What is the value of -6 + 10 + 32 + 19 + -25 + 18?
48
Evaluate 34 + -110 + 16 + 30.
-30
What is 22 + 101 - (-19 + 19 + -12) - (2 - 8)?
141
(22 + -10 + -22 - -3) + 12 + -7
-2
What is -8 + 4 + (-2 - -5) - (-297 + 250)?
46
(-151 - (-232 + 72)) + -1 + 19
27
7 - -26 - (71 - 12)
-26
What is the value of -1 + (28 + -10 - 15) - (97 + -12 + 8)?
-91
What is 0 - (-15 + 17 - (2 + (21 - 25)))?
-4
-63 + -3 + 35 + -40 + -2 + -21 + 47
-47
What is 24 - (24 + 2 - (-1 - -95))?
92
Calculate 229 + -230 + (0 - -71) + 5 + 0 + 0.
75
42 - (-63 + (87 - -8))
10
What is the value of 6 - (-23 - (12 + (13 - 11) + -14))?
29
Evaluate -8 + 11 + 2 - 8 - (7 + -8).
-2
What is -20 - (-5 - (-45 + 72 - 30))?
-18
(122 - 158) + (-4 - 6 - -4)
-42
What is the value of 57 - -90 - (-4 + 247)?
-96
What is the value of 42 + 0 - ((371 + -358 - (0 + 9)) + -12)?
50
9 - (27 - (2 + (8 - 0)))
-8
What is the value of (2808 - 2921) + (60 - -2)?
-51
What is ((-14 - 7) + -1 - (-115 + 107)) + -23?
-37
What is the value of (-47 - -52 - 1) + (2 - -63)?
69
-258 + 301 + (12 + (-3 + -2 - -2) - 2)
50
What is the value of 16 - 10 - (22 + (-3 - 3)) - -23?
13
-47 + 9 - (-32 + 26)
-32
What is -1 + 66 - ((19 - (26 + 11)) + (-3 - -31))?
55
What is the value of (2 + 28 - (7 + -9 + 11)) + -2?
19
Calculate (-1 - -27 - (253 + -179)) + 25.
-23
What is (35 - 21 - 0) + 7 + -68?
-47
What is the value of 6 - 1 - (7 - (-30 - (-13 - 17))) - 3?
-5
Calculate -68 + 178 + -117 - (0 + (0 - -28)).
-35
Evaluate (3 + 3 - (16 - (-2 + -2))) + -35 + -32.
-81
What is 81 + (-31 - -70) + -87?
33
What is 102 - (107 - (70 + -16))?
49
What is -14 + (253 - 119) - 170?
-50
Calculate -8467 + 8475 - (29 + (4 - (3 + -2))).
-24
Calculate 23 + -26 + (-5 - 0) - (4 + -19 - -44).
-37
Calculate 58 - (8 - (7 - 1 - (17 - 23 - -4))).
58
Calculate -1 + (-139 - 3) - (4 + (21 - 38)).
-130
Calculate (1 - (25 - -9)) + -12 + 5 + -5.
-45
Calculate (35 - 26) + (-5 - 1 - (-1 - 0)).
4
What is -2058 + 1980 + (-8 - -3) + (-3 - 0)?
-86
907 - 796 - (188 + 3)
-80
Evaluate (2 + 1 - 13) + (-8 + 10 + -4 - 3).
-15
What is the value of -83 - (-33 + 29 + -12 - 7)?
-60
What is 44 + -81 + 38 + 42 + -41?
2
Calculate (2 - 16 - (7 - (15 - -2 - 0))) + 72.
68
(0 - 6) + (208 - 239)
-37
Calculate ((-7 - 1) + 3 - -18) + (55 - 21).
47
What is the value of -2 - (-91 + 72 - (1 + 1))?
19
Calculate -21 + (32 - 46) + 70.
35
Evaluate (172 - 192) + (7 + -3 - (-1 + -8)).
-7
What is the value of -26 + -9 + 0 - (-5 + (5 - 3))?
-32
What is the value of (-15 - -110) + -80 - -23?
38
Calculate -93 + -78 + 171 + (-1 - (60 - 0)).
-61
What is (-171 - -143) + 27 + -2 + (-6 - 104) + -2?
-115
Calculate 33 + 12 + -72 - -36.
9
What is 29 + (-41 - -61 - 28 - (-15 + 0))?
36
What is the value of -147 + (85 - (74 + -64))?
-72
What is -8 + 18 + -162 + -81 + 114?
-119
Evaluate (97 - (118 + -2)) + 64.
45
Evaluate (680 - 627) + 16 + -2.
67
What is the value of -143 + 1 + (-19 - (26 + (-43 - -11))) + 12?
-143
(18 - (-11 + 29)) + -5 - (0 - 1)
-4
What is 58 + ((31 + 15 - 13) + -4 - 15)?
72
-8 + (0 - -1) + (81 + -43 - -1)
32
Calculate (-54 - -16 - (-9 + 4 + 16)) + 3.
-46
-11 + -1 - (422 - 437 - (-20 + 0))
-17
What is -6 + 3 + (14 - 4 - 7) + -12 + -3?
-15
-102 + 63 + (37 - 17)
-19
40 + -27 - (9 - ((3 + 7 - -4) + 4))
22
What is (75 - (3 - -47)) + -64 + 2?
-37
What is -65 - (-102 + (-34 - -38))?
33
Evaluate 3 + (-1 - -20 - (31 - 26)) + -7 + 44.
54
What is (-10 + 5 - -4 - 3) + 684 + -690?
-10
Evaluate -70 - -8 - (-222 - -171).
-11
What is -10 + 1 + (-139 - -65) + 13?
-70
-5 + (1 - 3) + (11 - (-87 - 3 - -15))
79
Calculate 0 + -21 - (-9 + 26) - 32.
-70
Evaluate (1 - -6 - -1) + (19 + 0 - -24) - 7.
44
Evaluate (1 - 29) + (-87 - -125) + 57.
67
Evaluate (2 - 0) + (2 - (-8 + 18 + -17 + -12)).
23
What is the value of 170 - (1 + (-1 - -118))?
52
What is (-35 - (12 + 15)) + -3 + 12?
-53
What is the value of 12 + -1 + (-8 - -17) + 40 + -39?
21
What is 34 + -34 + 30 + 22 + 10?
62
Evaluate 5 + (-90 - (-6 - 34 - -13)).
-58
What is (22 - (148 - 40)) + 12?
-74
What is -5 + 7 + 3 + (129 - 88) - 17?
29
(49 + -65 - (-17 + -7)) + -23 + 22
7
What is (-78 - (-30 - 26)) + 1 + -40?
-61
(125 - 4) + -70 - 116
-65
0 - (7 + 1 + 134 + -97 - 4)
-41
Calculate 136 + -67 - 196 - -65.
-62
What is the value of -11 - -2 - (5 + (-13 - 0))?
-1
Calculate -11 - (-4 + 1) - (-26 + 9 + 15 + -77).
71
What is the value of -150 + 96 + 68 + (16 - -1)?
31
Evaluate (-19 + 28 - 22) + 75 + (3 - 7).
58
(4 + -4 - (-4 - (-9 - (-1 - -33)))) + 12
-25
What is 62 - (1 + -11 - (-41 + 38)) - 9?
60
What is the value of 23 - (61 + (27 - 90))?
25
Calculate (114 - (-201 - -436)) + 1 + 26.
-94
What is the value of 18 + (-51 - -17) + 9 + (6 - 5 - 2)?
-8
-300 + 309 + (11 - 1) + -87
-68
Calculate 9 - (26 + -1 + -39 + (35 - -3) + -10).
-5
What is the value of (6 + 14 - 11) + ((4 - 4) + 2 - -32)?
43
What is 1 + -5 + 3 + -111 + 128?
16
8 + -206 + -41 + 206
-33
What is 10 - ((16 - 11 - 0) + 7 - -14)?
-16
42 + -144 - (-5 - 7 - -14)
-104
Evaluate -80 + (13 - (-64 - 3)).
0
Evaluate (98 - 48) + -183 + 190 + (-1 - 13).
43
15 + (77 - 40 - 27)
25
What is -2 + -17 + 28 + 1 + -2 + (-28 - 9)?
-29
What is the value of (14 - (-12 + 19)) + (-6 - (2 + 5 + -1))?
-5
What is (-287 - -96 - -207) + 0 + (1 + -2 - 56)?
-41
Calculate -57 - (-9 + -22 + 53 + -24).
-55
Evaluate 47 + (85 - 111 - 1).
20
11 - (0 - (7 + -5)) - 17
-4
What is the value of 90 - 106 - (-60 - (4 + -9 + 0))?
39
What is 26 + -6 + (11 + 3 - (-27 + 30))?
31
Evaluate 44 - ((98 - 47) + -30) - (-28 - -1).
50
What is the value of -11 - ((13 - 2 - (-3 + 4)) + 12)?
-33
Calculate -3 + -22 - ((-35 - -19) + 1) - -87.
77
-6 + 0 + -7 - (-25 - (8 + 25))
45
What is the value of (-14 - 8) + (-7 - -16) - -72?
59
Calculate (27 - -2 - 3) + (33 - (-30 + 81)).
8
Calculate 6 - 59 - (23 + -36 + (9 - -8)).
-57
(13 - -10) + 32 + -29 + -1
25
Calculate (-11 - -8 - 21 - (-17 + -2)) + (-2 - -116).
109
Evaluate 40 + -1 - ((-8 + -16 - 3) + -2 - -25).
43
-16 + 16 + 9 + (-86 - (-8 - -2 - -9))
-80
What is the value of 10 + (0 + 11 + -30 - -5)?
-4
Evaluate -29 - (50 - (10 + 58)).
-11
Calculate -13 + 4 + 6 - (9 + (-9 - -13)).
-16
Calculate -7 + -98 + (-7 - -34) + 37.
-41
Evaluate 9 - (-45 - -5) - 45.
4
Evaluate -8 + (1 - 56 - (143 - 159)) + (8 - -1).
-38
Calculate -23 - (-1 + 9 + -1194 + 1210).
-47
Evaluate -8 - (18 - 23 - 10 - -6) - 51.
-50
Calculate 29 + (17 - (52 + (-23 - -8))).
9
Calculate -24 + (20 - 1) + (-121 - -4 - -16).
-106
What is 12 + -22 + 6 + 8 +